{"id":120,"date":"2023-12-19T16:08:05","date_gmt":"2023-12-19T15:08:05","guid":{"rendered":"https:\/\/lateliertheatre-valdesambre.fr\/?page_id=120"},"modified":"2024-01-23T17:14:08","modified_gmt":"2024-01-23T16:14:08","slug":"nos-actions","status":"publish","type":"page","link":"https:\/\/lateliertheatre-valdesambre.fr\/index.php\/nos-actions\/","title":{"rendered":"Nos actions"},"content":{"rendered":"<h1 style=\"text-align: center;\"><span style=\"color: #000080;\"><strong>Nos actions<\/strong><\/span><\/h1>\n<p style=\"text-align: justify;\">L\u2019Atelier Th\u00e9\u00e2tre continue son travail sur l\u2019<a title=\"Hommes et femmes. \u00c9gaux ou pas ?\" href=\"https:\/\/lateliertheatre-valdesambre.fr\/index.php\/hommes-et-femmes-egaux-ou-pas-2\/\"><strong>\u00e9galit\u00e9 hommes-femmes<\/strong><\/a>.<br \/>\nCe travail est men\u00e9 avec les habitants de Maubeuge Val-de-Sambre.<br \/>\nUn nouveau spectacle est n\u00e9 de nos enqu\u00eates : <a title=\"Enfin \u00c9gales ou pas ? (spectacle)\" href=\"https:\/\/lateliertheatre-valdesambre.fr\/index.php\/enfin-egales-ou-pas-spectacle\/\"><strong>Enfin \u00e9gales ou pas ?<\/strong><\/a><\/p>\n<p style=\"text-align: justify;\">Il s\u2019est donn\u00e9 \u00e9galement pour but de recueillir les t\u00e9moignages des habitants de notre r\u00e9gion, de servir la m\u00e9moire du territoire et de d\u00e9velopper notre envie d\u2019y vivre ensemble. Ce site en est la r\u00e9sultante et nous esp\u00e9rons qu\u2019il vous satisfait.<\/p>\n<p style=\"text-align: justify;\">La jeunesse est une donn\u00e9e fondamentale de l\u2019avenir de notre territoire. Apporter la culture dans les diff\u00e9rents quartiers, en faisant participer jeunes et adolescents est un objectif de l\u2019Atelier Th\u00e9\u00e2tre. De nombreux spectacles ont \u00e9t\u00e9 mont\u00e9s depuis plus d\u2019une dizaine d\u2019ann\u00e9es avec eux, notamment <em>Le petit bruit de l\u2019\u0153uf dur<\/em>, en 2014, \u00e0 partir de textes de Pr\u00e9vert, <em>Objectif Lune<\/em> en 2015, un r\u00e9cit humoristique de la conqu\u00eate spatiale, <em>Mon nom est Blonde<\/em>, <em>James Blonde<\/em>, en 2016, une satire de tous les super-h\u00e9ros qui hantent le quotidien de nos enfants, <em>Diff\u00e9rent<\/em>, en 2017, une pi\u00e8ce qui incite \u00e0 envisager, \u00e0 travers une s\u00e9rie de situations cocasses, les \u00eatres diff\u00e9rents avec plus de bienveillance et <em>Les Contes en folie<\/em>, \u00e9galement en 2017, une r\u00e9\u00e9criture moderne et burlesque de contes ou fables parmi les plus connus.<\/p>\n<p style=\"text-align: justify;\">L\u2019Atelier Th\u00e9\u00e2tre pr\u00e9sente \u00e9galement ses spectacles dans la r\u00e9gion.<br \/>\nSa derni\u00e8re cr\u00e9ation, <a title=\"La farce de Ma\u00eetre Pathelin (le spectacle)\" href=\"https:\/\/lateliertheatre-valdesambre.fr\/index.php\/la-farce-de-maitre-pathelin-le-spectacle\/\"><strong><em>La farce de Ma\u00eetre Pathelin<\/em><\/strong><\/a>, le chef d\u2019\u0153uvre du th\u00e9\u00e2tre comique du Moyen \u00e2ge, entame son parcours.<\/p>\n","protected":false},"excerpt":{"rendered":"<p>Nos actions L\u2019Atelier Th\u00e9\u00e2tre continue son travail sur l\u2019\u00e9galit\u00e9 hommes-femmes. Ce travail est men\u00e9 avec les habitants de Maubeuge Val-de-Sambre. Un nouveau spectacle est n\u00e9 de nos enqu\u00eates : Enfin \u00e9gales ou pas ? Il s\u2019est donn\u00e9 \u00e9galement pour but &hellip; <a href=\"https:\/\/lateliertheatre-valdesambre.fr\/index.php\/nos-actions\/\">Continuer la lecture <span class=\"meta-nav\">&rarr;<\/span><\/a><\/p>\n","protected":false},"author":1,"featured_media":0,"parent":0,"menu_order":0,"comment_status":"closed","ping_status":"closed","template":"","meta":{"footnotes":""},"class_list":["post-120","page","type-page","status-publish","hentry"],"yoast_head":"<!-- This site is optimized with the Yoast SEO plugin v27.6 - https:\/\/yoast.com\/product\/yoast-seo-wordpress\/ -->\n<title>Nos actions - Atelier Th\u00e9\u00e2tre Val-de-Sambre<\/title>\n<meta name=\"robots\" content=\"index, follow, max-snippet:-1, max-image-preview:large, max-video-preview:-1\" \/>\n<link rel=\"canonical\" href=\"https:\/\/lateliertheatre-valdesambre.fr\/index.php\/nos-actions\/\" \/>\n<meta property=\"og:locale\" content=\"fr_FR\" \/>\n<meta property=\"og:type\" content=\"article\" \/>\n<meta property=\"og:title\" content=\"Nos actions - Atelier Th\u00e9\u00e2tre Val-de-Sambre\" \/>\n<meta property=\"og:description\" content=\"Nos actions L\u2019Atelier Th\u00e9\u00e2tre continue son travail sur l\u2019\u00e9galit\u00e9 hommes-femmes. Ce travail est men\u00e9 avec les habitants de Maubeuge Val-de-Sambre. Un nouveau spectacle est n\u00e9 de nos enqu\u00eates : Enfin \u00e9gales ou pas ? Il s\u2019est donn\u00e9 \u00e9galement pour but &hellip; Continuer la lecture &rarr;\" \/>\n<meta property=\"og:url\" content=\"https:\/\/lateliertheatre-valdesambre.fr\/index.php\/nos-actions\/\" \/>\n<meta property=\"og:site_name\" content=\"Atelier Th\u00e9\u00e2tre Val-de-Sambre\" \/>\n<meta property=\"article:modified_time\" content=\"2024-01-23T16:14:08+00:00\" \/>\n<meta name=\"twitter:card\" content=\"summary_large_image\" \/>\n<meta name=\"twitter:label1\" content=\"Dur\u00e9e de lecture estim\u00e9e\" \/>\n\t<meta name=\"twitter:data1\" content=\"2 minutes\" \/>\n<script type=\"application\/ld+json\" class=\"yoast-schema-graph\">{\"@context\":\"https:\\\/\\\/schema.org\",\"@graph\":[{\"@type\":\"WebPage\",\"@id\":\"https:\\\/\\\/lateliertheatre-valdesambre.fr\\\/index.php\\\/nos-actions\\\/\",\"url\":\"https:\\\/\\\/lateliertheatre-valdesambre.fr\\\/index.php\\\/nos-actions\\\/\",\"name\":\"Nos actions - Atelier Th\u00e9\u00e2tre Val-de-Sambre\",\"isPartOf\":{\"@id\":\"https:\\\/\\\/lateliertheatre-valdesambre.fr\\\/#website\"},\"datePublished\":\"2023-12-19T15:08:05+00:00\",\"dateModified\":\"2024-01-23T16:14:08+00:00\",\"breadcrumb\":{\"@id\":\"https:\\\/\\\/lateliertheatre-valdesambre.fr\\\/index.php\\\/nos-actions\\\/#breadcrumb\"},\"inLanguage\":\"fr-FR\",\"potentialAction\":[{\"@type\":\"ReadAction\",\"target\":[\"https:\\\/\\\/lateliertheatre-valdesambre.fr\\\/index.php\\\/nos-actions\\\/\"]}]},{\"@type\":\"BreadcrumbList\",\"@id\":\"https:\\\/\\\/lateliertheatre-valdesambre.fr\\\/index.php\\\/nos-actions\\\/#breadcrumb\",\"itemListElement\":[{\"@type\":\"ListItem\",\"position\":1,\"name\":\"Accueil\",\"item\":\"https:\\\/\\\/lateliertheatre-valdesambre.fr\\\/\"},{\"@type\":\"ListItem\",\"position\":2,\"name\":\"Nos actions\"}]},{\"@type\":\"WebSite\",\"@id\":\"https:\\\/\\\/lateliertheatre-valdesambre.fr\\\/#website\",\"url\":\"https:\\\/\\\/lateliertheatre-valdesambre.fr\\\/\",\"name\":\"Atelier Th\u00e9\u00e2tre Val-de-Sambre\",\"description\":\"Pour un espace d&#039;expression dans la r\u00e9gion Val-de-Sambre\",\"publisher\":{\"@id\":\"https:\\\/\\\/lateliertheatre-valdesambre.fr\\\/#organization\"},\"potentialAction\":[{\"@type\":\"SearchAction\",\"target\":{\"@type\":\"EntryPoint\",\"urlTemplate\":\"https:\\\/\\\/lateliertheatre-valdesambre.fr\\\/?s={search_term_string}\"},\"query-input\":{\"@type\":\"PropertyValueSpecification\",\"valueRequired\":true,\"valueName\":\"search_term_string\"}}],\"inLanguage\":\"fr-FR\"},{\"@type\":\"Organization\",\"@id\":\"https:\\\/\\\/lateliertheatre-valdesambre.fr\\\/#organization\",\"name\":\"Atelier Th\u00e9\u00e2tre Val-de-Sambre\",\"url\":\"https:\\\/\\\/lateliertheatre-valdesambre.fr\\\/\",\"logo\":{\"@type\":\"ImageObject\",\"inLanguage\":\"fr-FR\",\"@id\":\"https:\\\/\\\/lateliertheatre-valdesambre.fr\\\/#\\\/schema\\\/logo\\\/image\\\/\",\"url\":\"https:\\\/\\\/lateliertheatre-valdesambre.fr\\\/wp-content\\\/uploads\\\/2023\\\/12\\\/paroles-val-de-sambre.jpg\",\"contentUrl\":\"https:\\\/\\\/lateliertheatre-valdesambre.fr\\\/wp-content\\\/uploads\\\/2023\\\/12\\\/paroles-val-de-sambre.jpg\",\"width\":510,\"height\":112,\"caption\":\"Atelier Th\u00e9\u00e2tre Val-de-Sambre\"},\"image\":{\"@id\":\"https:\\\/\\\/lateliertheatre-valdesambre.fr\\\/#\\\/schema\\\/logo\\\/image\\\/\"}}]}<\/script>\n<!-- \/ Yoast SEO plugin. -->","yoast_head_json":{"title":"Nos actions - Atelier Th\u00e9\u00e2tre Val-de-Sambre","robots":{"index":"index","follow":"follow","max-snippet":"max-snippet:-1","max-image-preview":"max-image-preview:large","max-video-preview":"max-video-preview:-1"},"canonical":"https:\/\/lateliertheatre-valdesambre.fr\/index.php\/nos-actions\/","og_locale":"fr_FR","og_type":"article","og_title":"Nos actions - Atelier Th\u00e9\u00e2tre Val-de-Sambre","og_description":"Nos actions L\u2019Atelier Th\u00e9\u00e2tre continue son travail sur l\u2019\u00e9galit\u00e9 hommes-femmes. Ce travail est men\u00e9 avec les habitants de Maubeuge Val-de-Sambre. Un nouveau spectacle est n\u00e9 de nos enqu\u00eates : Enfin \u00e9gales ou pas ? Il s\u2019est donn\u00e9 \u00e9galement pour but &hellip; Continuer la lecture &rarr;","og_url":"https:\/\/lateliertheatre-valdesambre.fr\/index.php\/nos-actions\/","og_site_name":"Atelier Th\u00e9\u00e2tre Val-de-Sambre","article_modified_time":"2024-01-23T16:14:08+00:00","twitter_card":"summary_large_image","twitter_misc":{"Dur\u00e9e de lecture estim\u00e9e":"2 minutes"},"schema":{"@context":"https:\/\/schema.org","@graph":[{"@type":"WebPage","@id":"https:\/\/lateliertheatre-valdesambre.fr\/index.php\/nos-actions\/","url":"https:\/\/lateliertheatre-valdesambre.fr\/index.php\/nos-actions\/","name":"Nos actions - Atelier Th\u00e9\u00e2tre Val-de-Sambre","isPartOf":{"@id":"https:\/\/lateliertheatre-valdesambre.fr\/#website"},"datePublished":"2023-12-19T15:08:05+00:00","dateModified":"2024-01-23T16:14:08+00:00","breadcrumb":{"@id":"https:\/\/lateliertheatre-valdesambre.fr\/index.php\/nos-actions\/#breadcrumb"},"inLanguage":"fr-FR","potentialAction":[{"@type":"ReadAction","target":["https:\/\/lateliertheatre-valdesambre.fr\/index.php\/nos-actions\/"]}]},{"@type":"BreadcrumbList","@id":"https:\/\/lateliertheatre-valdesambre.fr\/index.php\/nos-actions\/#breadcrumb","itemListElement":[{"@type":"ListItem","position":1,"name":"Accueil","item":"https:\/\/lateliertheatre-valdesambre.fr\/"},{"@type":"ListItem","position":2,"name":"Nos actions"}]},{"@type":"WebSite","@id":"https:\/\/lateliertheatre-valdesambre.fr\/#website","url":"https:\/\/lateliertheatre-valdesambre.fr\/","name":"Atelier Th\u00e9\u00e2tre Val-de-Sambre","description":"Pour un espace d&#039;expression dans la r\u00e9gion Val-de-Sambre","publisher":{"@id":"https:\/\/lateliertheatre-valdesambre.fr\/#organization"},"potentialAction":[{"@type":"SearchAction","target":{"@type":"EntryPoint","urlTemplate":"https:\/\/lateliertheatre-valdesambre.fr\/?s={search_term_string}"},"query-input":{"@type":"PropertyValueSpecification","valueRequired":true,"valueName":"search_term_string"}}],"inLanguage":"fr-FR"},{"@type":"Organization","@id":"https:\/\/lateliertheatre-valdesambre.fr\/#organization","name":"Atelier Th\u00e9\u00e2tre Val-de-Sambre","url":"https:\/\/lateliertheatre-valdesambre.fr\/","logo":{"@type":"ImageObject","inLanguage":"fr-FR","@id":"https:\/\/lateliertheatre-valdesambre.fr\/#\/schema\/logo\/image\/","url":"https:\/\/lateliertheatre-valdesambre.fr\/wp-content\/uploads\/2023\/12\/paroles-val-de-sambre.jpg","contentUrl":"https:\/\/lateliertheatre-valdesambre.fr\/wp-content\/uploads\/2023\/12\/paroles-val-de-sambre.jpg","width":510,"height":112,"caption":"Atelier Th\u00e9\u00e2tre Val-de-Sambre"},"image":{"@id":"https:\/\/lateliertheatre-valdesambre.fr\/#\/schema\/logo\/image\/"}}]}},"_links":{"self":[{"href":"https:\/\/lateliertheatre-valdesambre.fr\/index.php\/wp-json\/wp\/v2\/pages\/120","targetHints":{"allow":["GET"]}}],"collection":[{"href":"https:\/\/lateliertheatre-valdesambre.fr\/index.php\/wp-json\/wp\/v2\/pages"}],"about":[{"href":"https:\/\/lateliertheatre-valdesambre.fr\/index.php\/wp-json\/wp\/v2\/types\/page"}],"author":[{"embeddable":true,"href":"https:\/\/lateliertheatre-valdesambre.fr\/index.php\/wp-json\/wp\/v2\/users\/1"}],"replies":[{"embeddable":true,"href":"https:\/\/lateliertheatre-valdesambre.fr\/index.php\/wp-json\/wp\/v2\/comments?post=120"}],"version-history":[{"count":8,"href":"https:\/\/lateliertheatre-valdesambre.fr\/index.php\/wp-json\/wp\/v2\/pages\/120\/revisions"}],"predecessor-version":[{"id":408,"href":"https:\/\/lateliertheatre-valdesambre.fr\/index.php\/wp-json\/wp\/v2\/pages\/120\/revisions\/408"}],"wp:attachment":[{"href":"https:\/\/lateliertheatre-valdesambre.fr\/index.php\/wp-json\/wp\/v2\/media?parent=120"}],"curies":[{"name":"wp","href":"https:\/\/api.w.org\/{rel}","templated":true}]}}