{"id":207,"date":"2024-01-13T17:42:16","date_gmt":"2024-01-13T16:42:16","guid":{"rendered":"https:\/\/lateliertheatre-valdesambre.fr\/?page_id=207"},"modified":"2024-01-14T19:15:04","modified_gmt":"2024-01-14T18:15:04","slug":"le-port-du-pantalon-est-interdit-aux-femmes","status":"publish","type":"page","link":"https:\/\/lateliertheatre-valdesambre.fr\/index.php\/le-port-du-pantalon-est-interdit-aux-femmes\/","title":{"rendered":"Le port du pantalon est interdit aux femmes !"},"content":{"rendered":"<h1 style=\"text-align: center;\"><span style=\"font-size: 18pt; color: #000080;\">Le port du pantalon est interdit aux femmes !<\/span><\/h1>\n<p style=\"text-align: justify;\">J\u2019ai vu la pi\u00e8ce \"Un homme, une femme\" au Th\u00e9\u00e2tre d\u2019Hautmont et j\u2019avais \u00e9t\u00e9 tr\u00e8s surpris d\u2019apprendre par la bouche d\u2019une des com\u00e9diennes qui jouait le r\u00f4le d\u2019un professeur d\u2019histoire que les femmes n\u2019avaient pas le droit, au XIX<sup>e<\/sup>, de porter des pantalons et que celles qui voulaient le faire devaient se pr\u00e9senter \u00e0 la pr\u00e9fecture de police avec un certificat m\u00e9dical ! <img loading=\"lazy\" decoding=\"async\" class=\" wp-image-209 alignright\" src=\"https:\/\/lateliertheatre-valdesambre.fr\/wp-content\/uploads\/2024\/01\/jupe-ou-pantalon-245x300.jpg\" alt=\"\" width=\"194\" height=\"238\" srcset=\"https:\/\/lateliertheatre-valdesambre.fr\/wp-content\/uploads\/2024\/01\/jupe-ou-pantalon-245x300.jpg 245w, https:\/\/lateliertheatre-valdesambre.fr\/wp-content\/uploads\/2024\/01\/jupe-ou-pantalon.jpg 444w\" sizes=\"auto, (max-width: 194px) 100vw, 194px\" \/><\/p>\n<p style=\"text-align: justify;\">J\u2019ai entendu r\u00e9cemment, \u00e0 la t\u00e9l\u00e9, que cette loi - je pense que c\u2019est la m\u00eame - n\u2019avait \u00e9t\u00e9 abrog\u00e9e qu\u2019en 2013.<\/p>\n<p style=\"text-align: justify;\">Je suis tout de m\u00eame choqu\u00e9 qu\u2019une telle loi ait \u00e9t\u00e9 encore en vigueur au XXI<sup>e<\/sup> si\u00e8cle et que personne ne l\u2019ait remarqu\u00e9 plus t\u00f4t. Je pense que cette loi \u00e9tait sans doute \"normale\" dans la mentalit\u00e9 de l\u2019\u00e9poque et c\u2019est bien de s\u2019\u00eatre enfin aper\u00e7u qu\u2019elle n\u2019avait pas \u00e9t\u00e9 encore abrog\u00e9e et de l\u2019avoir fait.<\/p>\n<p style=\"text-align: justify;\"><strong>Eden<\/strong>, <em>14 ans, Sous-le-Bois.<\/em><\/p>\n<hr \/>\n<p style=\"text-align: justify;\">En fait, la loi n\u2019a pas \u00e9t\u00e9 abrog\u00e9e. Elle a \u00e9t\u00e9 consid\u00e9r\u00e9e comme abrog\u00e9e de fait par son incompatibilit\u00e9 avec le Pr\u00e9ambule de la Constitution de 1946 et la Convention europ\u00e9enne des droits de l\u2019homme.<\/p>\n<hr \/>\n<p style=\"text-align: justify;\"><strong>Question \u00e9crite n\u00b000692 de M. Alain Houpert, publi\u00e9e dans le JO du S\u00e9nat du 12\/07\/2012 \u2013 page 1556<\/strong><\/p>\n<p style=\"text-align: justify;\">M. Alain Houpert attire l'attention de Mme la ministre des droits des femmes, porte-parole du Gouvernement, sur les dispositions, toujours en vigueur, de la loi du 17 novembre 1800 interdisant aux femmes de porter le pantalon. En effet, cette loi - la loi du 26 brumaire an IX - pr\u00e9cise que \"Toute femme d\u00e9sirant s'habiller en homme doit se pr\u00e9senter \u00e0 la Pr\u00e9fecture de police pour en obtenir l'autorisation\". Cette interdiction a \u00e9t\u00e9 partiellement lev\u00e9e par deux circulaires de 1892 et 1909 autorisant le port f\u00e9minin du pantalon \"si la femme tient par la main un guidon de bicyclette ou les r\u00eanes d'un cheval\". Si elles ne sont plus appliqu\u00e9es aujourd'hui, leur port\u00e9e symbolique peut heurter nos sensibilit\u00e9s modernes, c'est pourquoi il lui demande si elle envisage de les abroger.<\/p>\n<p style=\"text-align: justify;\"><strong>R\u00e9ponse du Minist\u00e8re des droits des femmes, publi\u00e9e dans le JO S\u00e9nat du 31\/01\/2013 - page 339<\/strong><\/p>\n<p style=\"text-align: justify;\">La loi du 7 novembre 1800 \u00e9voqu\u00e9e dans la question est l'ordonnance du pr\u00e9fet de police Dubois n\u00b022 du 16 brumaire an IX (7 novembre 1800), intitul\u00e9e \"Ordonnance concernant le travestissement des femmes\". Pour m\u00e9moire, cette ordonnance visait avant tout \u00e0 limiter l'acc\u00e8s des femmes \u00e0 certaines fonctions ou m\u00e9tiers en les emp\u00eachant de se parer \u00e0 l'image des hommes. Cette ordonnance est incompatible avec les principes d'\u00e9galit\u00e9 entre les femmes et les hommes qui sont inscrits dans la Constitution et les engagements europ\u00e9ens de la France, notamment le Pr\u00e9ambule de la Constitution de 1946, l'article 1er de la Constitution et la Convention europ\u00e9enne des droits de l'homme. De cette incompatibilit\u00e9 d\u00e9coule l'abrogation implicite de l'ordonnance du 7 novembre qui est donc d\u00e9pourvue de tout effet juridique et ne constitue qu'une pi\u00e8ce d'archives conserv\u00e9e comme telle par la Pr\u00e9fecture de police de Paris.<\/p>\n","protected":false},"excerpt":{"rendered":"<p>Le port du pantalon est interdit aux femmes ! J\u2019ai vu la pi\u00e8ce \u00ab\u00a0Un homme, une femme\u00a0\u00bb au Th\u00e9\u00e2tre d\u2019Hautmont et j\u2019avais \u00e9t\u00e9 tr\u00e8s surpris d\u2019apprendre par la bouche d\u2019une des com\u00e9diennes qui jouait le r\u00f4le d\u2019un professeur d\u2019histoire que &hellip; <a href=\"https:\/\/lateliertheatre-valdesambre.fr\/index.php\/le-port-du-pantalon-est-interdit-aux-femmes\/\">Continuer la lecture <span class=\"meta-nav\">&rarr;<\/span><\/a><\/p>\n","protected":false},"author":1,"featured_media":0,"parent":0,"menu_order":0,"comment_status":"closed","ping_status":"closed","template":"","meta":{"footnotes":""},"class_list":["post-207","page","type-page","status-publish","hentry"],"yoast_head":"<!-- This site is optimized with the Yoast SEO plugin v27.6 - https:\/\/yoast.com\/product\/yoast-seo-wordpress\/ -->\n<title>Le port du pantalon est interdit aux femmes ! - Atelier Th\u00e9\u00e2tre Val-de-Sambre<\/title>\n<meta name=\"robots\" content=\"index, follow, max-snippet:-1, max-image-preview:large, max-video-preview:-1\" \/>\n<link rel=\"canonical\" href=\"https:\/\/lateliertheatre-valdesambre.fr\/index.php\/le-port-du-pantalon-est-interdit-aux-femmes\/\" \/>\n<meta property=\"og:locale\" content=\"fr_FR\" \/>\n<meta property=\"og:type\" content=\"article\" \/>\n<meta property=\"og:title\" content=\"Le port du pantalon est interdit aux femmes ! - Atelier Th\u00e9\u00e2tre Val-de-Sambre\" \/>\n<meta property=\"og:description\" content=\"Le port du pantalon est interdit aux femmes ! J\u2019ai vu la pi\u00e8ce &quot;Un homme, une femme&quot; au Th\u00e9\u00e2tre d\u2019Hautmont et j\u2019avais \u00e9t\u00e9 tr\u00e8s surpris d\u2019apprendre par la bouche d\u2019une des com\u00e9diennes qui jouait le r\u00f4le d\u2019un professeur d\u2019histoire que &hellip; Continuer la lecture &rarr;\" \/>\n<meta property=\"og:url\" content=\"https:\/\/lateliertheatre-valdesambre.fr\/index.php\/le-port-du-pantalon-est-interdit-aux-femmes\/\" \/>\n<meta property=\"og:site_name\" content=\"Atelier Th\u00e9\u00e2tre Val-de-Sambre\" \/>\n<meta property=\"article:modified_time\" content=\"2024-01-14T18:15:04+00:00\" \/>\n<meta property=\"og:image\" content=\"https:\/\/lateliertheatre-valdesambre.fr\/wp-content\/uploads\/2024\/01\/jupe-ou-pantalon-245x300.jpg\" \/>\n<meta name=\"twitter:card\" content=\"summary_large_image\" \/>\n<meta name=\"twitter:label1\" content=\"Dur\u00e9e de lecture estim\u00e9e\" \/>\n\t<meta name=\"twitter:data1\" content=\"3 minutes\" \/>\n<script type=\"application\/ld+json\" class=\"yoast-schema-graph\">{\"@context\":\"https:\\\/\\\/schema.org\",\"@graph\":[{\"@type\":\"WebPage\",\"@id\":\"https:\\\/\\\/lateliertheatre-valdesambre.fr\\\/index.php\\\/le-port-du-pantalon-est-interdit-aux-femmes\\\/\",\"url\":\"https:\\\/\\\/lateliertheatre-valdesambre.fr\\\/index.php\\\/le-port-du-pantalon-est-interdit-aux-femmes\\\/\",\"name\":\"Le port du pantalon est interdit aux femmes ! - Atelier Th\u00e9\u00e2tre Val-de-Sambre\",\"isPartOf\":{\"@id\":\"https:\\\/\\\/lateliertheatre-valdesambre.fr\\\/#website\"},\"primaryImageOfPage\":{\"@id\":\"https:\\\/\\\/lateliertheatre-valdesambre.fr\\\/index.php\\\/le-port-du-pantalon-est-interdit-aux-femmes\\\/#primaryimage\"},\"image\":{\"@id\":\"https:\\\/\\\/lateliertheatre-valdesambre.fr\\\/index.php\\\/le-port-du-pantalon-est-interdit-aux-femmes\\\/#primaryimage\"},\"thumbnailUrl\":\"https:\\\/\\\/lateliertheatre-valdesambre.fr\\\/wp-content\\\/uploads\\\/2024\\\/01\\\/jupe-ou-pantalon-245x300.jpg\",\"datePublished\":\"2024-01-13T16:42:16+00:00\",\"dateModified\":\"2024-01-14T18:15:04+00:00\",\"breadcrumb\":{\"@id\":\"https:\\\/\\\/lateliertheatre-valdesambre.fr\\\/index.php\\\/le-port-du-pantalon-est-interdit-aux-femmes\\\/#breadcrumb\"},\"inLanguage\":\"fr-FR\",\"potentialAction\":[{\"@type\":\"ReadAction\",\"target\":[\"https:\\\/\\\/lateliertheatre-valdesambre.fr\\\/index.php\\\/le-port-du-pantalon-est-interdit-aux-femmes\\\/\"]}]},{\"@type\":\"ImageObject\",\"inLanguage\":\"fr-FR\",\"@id\":\"https:\\\/\\\/lateliertheatre-valdesambre.fr\\\/index.php\\\/le-port-du-pantalon-est-interdit-aux-femmes\\\/#primaryimage\",\"url\":\"https:\\\/\\\/lateliertheatre-valdesambre.fr\\\/wp-content\\\/uploads\\\/2024\\\/01\\\/jupe-ou-pantalon.jpg\",\"contentUrl\":\"https:\\\/\\\/lateliertheatre-valdesambre.fr\\\/wp-content\\\/uploads\\\/2024\\\/01\\\/jupe-ou-pantalon.jpg\",\"width\":444,\"height\":543},{\"@type\":\"BreadcrumbList\",\"@id\":\"https:\\\/\\\/lateliertheatre-valdesambre.fr\\\/index.php\\\/le-port-du-pantalon-est-interdit-aux-femmes\\\/#breadcrumb\",\"itemListElement\":[{\"@type\":\"ListItem\",\"position\":1,\"name\":\"Accueil\",\"item\":\"https:\\\/\\\/lateliertheatre-valdesambre.fr\\\/\"},{\"@type\":\"ListItem\",\"position\":2,\"name\":\"Le port du pantalon est interdit aux femmes !\"}]},{\"@type\":\"WebSite\",\"@id\":\"https:\\\/\\\/lateliertheatre-valdesambre.fr\\\/#website\",\"url\":\"https:\\\/\\\/lateliertheatre-valdesambre.fr\\\/\",\"name\":\"Atelier Th\u00e9\u00e2tre Val-de-Sambre\",\"description\":\"Pour un espace d&#039;expression dans la r\u00e9gion Val-de-Sambre\",\"publisher\":{\"@id\":\"https:\\\/\\\/lateliertheatre-valdesambre.fr\\\/#organization\"},\"potentialAction\":[{\"@type\":\"SearchAction\",\"target\":{\"@type\":\"EntryPoint\",\"urlTemplate\":\"https:\\\/\\\/lateliertheatre-valdesambre.fr\\\/?s={search_term_string}\"},\"query-input\":{\"@type\":\"PropertyValueSpecification\",\"valueRequired\":true,\"valueName\":\"search_term_string\"}}],\"inLanguage\":\"fr-FR\"},{\"@type\":\"Organization\",\"@id\":\"https:\\\/\\\/lateliertheatre-valdesambre.fr\\\/#organization\",\"name\":\"Atelier Th\u00e9\u00e2tre Val-de-Sambre\",\"url\":\"https:\\\/\\\/lateliertheatre-valdesambre.fr\\\/\",\"logo\":{\"@type\":\"ImageObject\",\"inLanguage\":\"fr-FR\",\"@id\":\"https:\\\/\\\/lateliertheatre-valdesambre.fr\\\/#\\\/schema\\\/logo\\\/image\\\/\",\"url\":\"https:\\\/\\\/lateliertheatre-valdesambre.fr\\\/wp-content\\\/uploads\\\/2023\\\/12\\\/paroles-val-de-sambre.jpg\",\"contentUrl\":\"https:\\\/\\\/lateliertheatre-valdesambre.fr\\\/wp-content\\\/uploads\\\/2023\\\/12\\\/paroles-val-de-sambre.jpg\",\"width\":510,\"height\":112,\"caption\":\"Atelier Th\u00e9\u00e2tre Val-de-Sambre\"},\"image\":{\"@id\":\"https:\\\/\\\/lateliertheatre-valdesambre.fr\\\/#\\\/schema\\\/logo\\\/image\\\/\"}}]}<\/script>\n<!-- \/ Yoast SEO plugin. -->","yoast_head_json":{"title":"Le port du pantalon est interdit aux femmes ! - Atelier Th\u00e9\u00e2tre Val-de-Sambre","robots":{"index":"index","follow":"follow","max-snippet":"max-snippet:-1","max-image-preview":"max-image-preview:large","max-video-preview":"max-video-preview:-1"},"canonical":"https:\/\/lateliertheatre-valdesambre.fr\/index.php\/le-port-du-pantalon-est-interdit-aux-femmes\/","og_locale":"fr_FR","og_type":"article","og_title":"Le port du pantalon est interdit aux femmes ! - Atelier Th\u00e9\u00e2tre Val-de-Sambre","og_description":"Le port du pantalon est interdit aux femmes ! J\u2019ai vu la pi\u00e8ce \"Un homme, une femme\" au Th\u00e9\u00e2tre d\u2019Hautmont et j\u2019avais \u00e9t\u00e9 tr\u00e8s surpris d\u2019apprendre par la bouche d\u2019une des com\u00e9diennes qui jouait le r\u00f4le d\u2019un professeur d\u2019histoire que &hellip; Continuer la lecture &rarr;","og_url":"https:\/\/lateliertheatre-valdesambre.fr\/index.php\/le-port-du-pantalon-est-interdit-aux-femmes\/","og_site_name":"Atelier Th\u00e9\u00e2tre Val-de-Sambre","article_modified_time":"2024-01-14T18:15:04+00:00","og_image":[{"url":"https:\/\/lateliertheatre-valdesambre.fr\/wp-content\/uploads\/2024\/01\/jupe-ou-pantalon-245x300.jpg","type":"","width":"","height":""}],"twitter_card":"summary_large_image","twitter_misc":{"Dur\u00e9e de lecture estim\u00e9e":"3 minutes"},"schema":{"@context":"https:\/\/schema.org","@graph":[{"@type":"WebPage","@id":"https:\/\/lateliertheatre-valdesambre.fr\/index.php\/le-port-du-pantalon-est-interdit-aux-femmes\/","url":"https:\/\/lateliertheatre-valdesambre.fr\/index.php\/le-port-du-pantalon-est-interdit-aux-femmes\/","name":"Le port du pantalon est interdit aux femmes ! - Atelier Th\u00e9\u00e2tre Val-de-Sambre","isPartOf":{"@id":"https:\/\/lateliertheatre-valdesambre.fr\/#website"},"primaryImageOfPage":{"@id":"https:\/\/lateliertheatre-valdesambre.fr\/index.php\/le-port-du-pantalon-est-interdit-aux-femmes\/#primaryimage"},"image":{"@id":"https:\/\/lateliertheatre-valdesambre.fr\/index.php\/le-port-du-pantalon-est-interdit-aux-femmes\/#primaryimage"},"thumbnailUrl":"https:\/\/lateliertheatre-valdesambre.fr\/wp-content\/uploads\/2024\/01\/jupe-ou-pantalon-245x300.jpg","datePublished":"2024-01-13T16:42:16+00:00","dateModified":"2024-01-14T18:15:04+00:00","breadcrumb":{"@id":"https:\/\/lateliertheatre-valdesambre.fr\/index.php\/le-port-du-pantalon-est-interdit-aux-femmes\/#breadcrumb"},"inLanguage":"fr-FR","potentialAction":[{"@type":"ReadAction","target":["https:\/\/lateliertheatre-valdesambre.fr\/index.php\/le-port-du-pantalon-est-interdit-aux-femmes\/"]}]},{"@type":"ImageObject","inLanguage":"fr-FR","@id":"https:\/\/lateliertheatre-valdesambre.fr\/index.php\/le-port-du-pantalon-est-interdit-aux-femmes\/#primaryimage","url":"https:\/\/lateliertheatre-valdesambre.fr\/wp-content\/uploads\/2024\/01\/jupe-ou-pantalon.jpg","contentUrl":"https:\/\/lateliertheatre-valdesambre.fr\/wp-content\/uploads\/2024\/01\/jupe-ou-pantalon.jpg","width":444,"height":543},{"@type":"BreadcrumbList","@id":"https:\/\/lateliertheatre-valdesambre.fr\/index.php\/le-port-du-pantalon-est-interdit-aux-femmes\/#breadcrumb","itemListElement":[{"@type":"ListItem","position":1,"name":"Accueil","item":"https:\/\/lateliertheatre-valdesambre.fr\/"},{"@type":"ListItem","position":2,"name":"Le port du pantalon est interdit aux femmes !"}]},{"@type":"WebSite","@id":"https:\/\/lateliertheatre-valdesambre.fr\/#website","url":"https:\/\/lateliertheatre-valdesambre.fr\/","name":"Atelier Th\u00e9\u00e2tre Val-de-Sambre","description":"Pour un espace d&#039;expression dans la r\u00e9gion Val-de-Sambre","publisher":{"@id":"https:\/\/lateliertheatre-valdesambre.fr\/#organization"},"potentialAction":[{"@type":"SearchAction","target":{"@type":"EntryPoint","urlTemplate":"https:\/\/lateliertheatre-valdesambre.fr\/?s={search_term_string}"},"query-input":{"@type":"PropertyValueSpecification","valueRequired":true,"valueName":"search_term_string"}}],"inLanguage":"fr-FR"},{"@type":"Organization","@id":"https:\/\/lateliertheatre-valdesambre.fr\/#organization","name":"Atelier Th\u00e9\u00e2tre Val-de-Sambre","url":"https:\/\/lateliertheatre-valdesambre.fr\/","logo":{"@type":"ImageObject","inLanguage":"fr-FR","@id":"https:\/\/lateliertheatre-valdesambre.fr\/#\/schema\/logo\/image\/","url":"https:\/\/lateliertheatre-valdesambre.fr\/wp-content\/uploads\/2023\/12\/paroles-val-de-sambre.jpg","contentUrl":"https:\/\/lateliertheatre-valdesambre.fr\/wp-content\/uploads\/2023\/12\/paroles-val-de-sambre.jpg","width":510,"height":112,"caption":"Atelier Th\u00e9\u00e2tre Val-de-Sambre"},"image":{"@id":"https:\/\/lateliertheatre-valdesambre.fr\/#\/schema\/logo\/image\/"}}]}},"_links":{"self":[{"href":"https:\/\/lateliertheatre-valdesambre.fr\/index.php\/wp-json\/wp\/v2\/pages\/207","targetHints":{"allow":["GET"]}}],"collection":[{"href":"https:\/\/lateliertheatre-valdesambre.fr\/index.php\/wp-json\/wp\/v2\/pages"}],"about":[{"href":"https:\/\/lateliertheatre-valdesambre.fr\/index.php\/wp-json\/wp\/v2\/types\/page"}],"author":[{"embeddable":true,"href":"https:\/\/lateliertheatre-valdesambre.fr\/index.php\/wp-json\/wp\/v2\/users\/1"}],"replies":[{"embeddable":true,"href":"https:\/\/lateliertheatre-valdesambre.fr\/index.php\/wp-json\/wp\/v2\/comments?post=207"}],"version-history":[{"count":4,"href":"https:\/\/lateliertheatre-valdesambre.fr\/index.php\/wp-json\/wp\/v2\/pages\/207\/revisions"}],"predecessor-version":[{"id":220,"href":"https:\/\/lateliertheatre-valdesambre.fr\/index.php\/wp-json\/wp\/v2\/pages\/207\/revisions\/220"}],"wp:attachment":[{"href":"https:\/\/lateliertheatre-valdesambre.fr\/index.php\/wp-json\/wp\/v2\/media?parent=207"}],"curies":[{"name":"wp","href":"https:\/\/api.w.org\/{rel}","templated":true}]}}